 Let v(k) be the first derivative of o(k). Is v(6) composite?
False
Let b = 31 + -20. Suppose -27894 = -b*q + 23069. Is q composite?
True
Let c(h) = 39*h**2 + 5*h - 125. Is c(23) composite?
True
Suppose -5556 - 3571 = -4*z - 3*b, -b = 3*z - 6844. Is z a prime number?
True
Let h = -2 + 7. Suppose 0*z = -3*z, 10 = -h*g - 3*z. Is -17*(2 + 26/g) a prime number?
False
Suppose 3*u + 18*a - 13*a - 2693 = 0, 4*u = -4*a + 3596. Is u composite?
True
Let m = -13357 + 20996. Is m a composite number?
False
Suppose 0 = 5*y + 9 - 34. Suppose 2*x = 5*x + 5*h - 1691, y*x + 2*h - 2793 = 0. Is x prime?
True
Let d(s) = -s**2 + 6*s + 9. Let a be d(7). Suppose -6*b - 4*l = -a*b - 26232, 10 = -2*l. Is b a prime number?
True
Suppose 0 = 26*o + 14753 - 502071. Is o prime?
True
Let s be 2*-1*322/(-28). Let k be 2/(-4)*0 - -53. Suppose -5*p = -2*w + k, w - 5*p = 3*w - s. Is w composite?
False
Let m(p) = -9*p**3 + 2*p**2 - 1. Let u be m(1). Let h(v) = -v - 5. Let g be h(u). Let i(n) = 25*n**2 - 3*n - 1. Is i(g) prime?
False
Suppose b - 4 = 3*i - 13, -4*i = b - 19. Suppose 5*m + 2*y - 1465 = 0, -1172 = -i*m - 0*y - 4*y. Is m a composite number?
False
Let b be (-722)/8 - (-4)/(-32)*-2. Is (8/(-6))/(-2) - 18120/b a composite number?
True
Let c(i) be the third derivative of i**5/30 - i**4/12 + i**3/2 + 5*i**2. Let f be c(-6). Let v = 658 + f. Is v a prime number?
False
Suppose 8936 = 74*r - 66*r. Is r prime?
True
Let j be (16/6)/(6/9). Suppose -3*r = -2*v + 2 + j, -v + 3 = -5*r. Suppose -d = -v*d + 502. Is d a composite number?
False
Let g = -761 - -1558. Is g composite?
False
Let k(l) = 1723*l - 54. Is k(7) prime?
True
Let h(s) = s**3 - 6*s**2 + 8*s - 3. Let q be h(5). Let d be (-8 - 0 - 0)/(-2). Suppose 3*b = q, d*n + 7*b = 4*b + 104. Is n a prime number?
True
Let g be (2 - 5)/((-650)/(-215) + -3). Let t = g - -540. Is t prime?
False
Suppose -b + 2*i = -425, -394 = -4*b - 2*i + 1356. Let f = b + -214. Is f composite?
True
Let o be 1*(-4 + 6) + -2. Suppose -2*l - b - 8 = -3*l, -2*l + 3*b + 19 = 0. Suppose o = l*m - m - 3188. Is m a prime number?
True
Let p(s) be the third derivative of 7*s**4/4 - 19*s**3/6 + 11*s**2. Is p(9) a composite number?
False
Suppose -2*f + 20 = 18. Is -4 + f + (-492)/(-6) composite?
False
Suppose n + 9820 = 2*o, 97*n - 98*n = -o + 4911. Is o a composite number?
False
Let a(b) = -5*b**2. Let i be a(-2). Let h = -15 - i. Let d = 38 - h. Is d a composite number?
True
Let m(h) = h + 9. Let r be m(-11). Let q be 4/r - 14877/9. Is q/(-4) + (-15)/20 composite?
True
Suppose -5*w + 32 = -3*w. Let b = w - 4. Is (-3)/b*794*-2 prime?
True
Let w = 18836 - 8013. Is w a prime number?
False
Let s(r) = 2*r**2 + 6*r - 9. Let k be s(2). Suppose -9*b - 634 = -k*b. Is b a composite number?
False
Let m = -4 - -4. Let u be ((-3)/(-9))/(2 + (-58)/30). Suppose -u*t + 262 + 753 = m. Is t prime?
False
Let k be 1167 - ((-8 - -4) + 0). Suppose -4*y = 3*y. Suppose -k = -y*r - r. Is r prime?
True
Let a(w) = 89*w**2 + 2*w + 3. Let j(u) = u**2 + u + 1. Let l(d) = -a(d) + 3*j(d). Let o be l(-1). Is (o/2)/((-3)/6) a composite number?
True
Suppose -3*h = -h - 32. Let r(z) = h - 20*z - 5*z - 8. Is r(-7) composite?
True
Let l be 20 + 3 + -6 + -3. Let v = l - 4. Is v prime?
False
Suppose -4*u - u = 2*g - 2542, 2*g = 2*u - 1014. Suppose 2*j + 552 = -q, -4*j + 2*q - 604 = u. Is j/(-9) + (-8)/(-36) composite?
False
Let m(z) = 6*z**2 + z. Suppose 2*k + 5*g = 3, -2*g = -2*k - 32 - 0. Let p be m(k). Let y = -360 + p. Is y a composite number?
True
Let j = 4315 + -1979. Suppose 0 = -5*y - 16 - 4, 0 = -3*h + 2*y + j. Suppose -4*b + h = 3*c - 3*b, -2*c - 2*b = -516. Is c composite?
True
Let d = -85093 + 54145. Is 2/3*d/(-8) a composite number?
False
Suppose -o = -4*o + 306. Suppose -o = -2*l - 4. Is l a prime number?
False
Suppose -5*g - h - 19 = 0, -2 = 3*g + 2*h + 8. Let f be 2 - 6684/g - 0. Is 2/(-3) + f/3 a prime number?
True
Let x(j) = -j**2 - 5*j + 17. Let d be x(-6). Suppose -6*g + d*g = 4615. Is g a prime number?
False
Let q(j) = 5*j - 12. Let d be q(4). Suppose 2*w = s + 7*w - 59, 0 = 4*w + d. Let o = s - -284. Is o a prime number?
True
Let v(l) = -1 + 12 - 13*l + 9*l + 5*l**2 - l**2. Let j be v(-9). Suppose 0 = 7*n - 6*n - j. Is n a composite number?
True
Let n be 3 + -1 - (-1 + -15). Let j be n/12 - 1790/4. Is (-6)/(-4)*j/(-3) composite?
False
Suppose 5*l + 3*f + 35 = 0, 4*f + 0*f + 21 = -3*l. Let t(o) = o**2 - 4*o - 6. Is t(l) a composite number?
False
Suppose -5*h = -5*g - 985, 0 = h - 5*h + g + 791. Let p = -127 + h. Let c = 6 + p. Is c a composite number?
True
Suppose 2*s = 8*s + 24. Let k(o) = o**3 + 5*o**2 + 5*o + 4. Let f be k(s). Suppose -320 = -4*d + 3*d - b, 4*b - 4 = f. Is d composite?
True
Let y = 18 + -11. Let p = 6 - -17. Suppose -y = -s - o, 2*s - o = -0*s + p. Is s a prime number?
False
Let z(s) = -s**3 - 14*s**2 - 13*s - 4. Let y be z(-13). Let b be 198/y*(-12)/9. Let l = 169 - b. Is l a prime number?
True
Let i(g) = -89723*g + 30. Is i(-1) composite?
False
Let c(n) = -214*n + 4. Let o be c(-4). Suppose o = 5*v - 5*j, -187 = -v - 3*j - j. Suppose 6*z = z + v. Is z prime?
False
Let n = -1029 + 13920. Is n a prime number?
False
Is 1225 - 32/(5 - 1) a prime number?
True
Let m = 49057 - 8634. Is m a composite number?
False
Let s(p) be the first derivative of -14*p**3/3 + 5*p**2/2 + p + 7. Let k(b) be the first derivative of s(b). Is k(-9) a prime number?
True
Let j be 23/6 - (-15)/90. Let b be 2*199*j/8. Suppose 4*d - 724 = 4*m, -2*d + 555 = m + b. Is d a prime number?
True
Suppose -572928 = -11*h + 145625. Is h a composite number?
False
Let i be 1/(-2)*(-27 + -7). Let m = 21 - i. Is 1816/6 + m/12 prime?
False
Let z(b) = b**3 - 25*b**2 + 23*b + 22. Let x(m) = -m**3 - 7*m**2 + 16*m + 9. Let i be x(-9). Is z(i) composite?
True
Let w(b) = 583*b + 272. Is w(21) composite?
True
Let g(v) = v**2 + 8*v + 14. Let q(t) = -t**3 + 12*t**2 - 13*t + 13. Let b be q(11). Let f be ((-15)/b)/((-1)/6). Is g(f) a composite number?
True
Let i(c) = 6*c + 23*c + 68*c + 56*c - 29. Is i(4) composite?
True
Let y be 272/20 - (2 + (-24)/10). Let m(v) = -v**3 + 18*v**2 + 3*v - 11. Is m(y) prime?
False
Suppose 5*o = -4*x + 19431, -1 = 2*o + 1. Is x a prime number?
False
Suppose 6 = 3*q, 3*q = -5*x + q + 4494. Suppose -3*p + p + x = 0. Is p a prime number?
True
Let u(h) = h**3 - 2*h**2 - 2*h + 2. Let i be u(2). Is (-3206)/(-6) - i/3 a prime number?
False
Is ((-1460)/6)/5*6330/(-20) prime?
False
Let r(j) = 36*j**2 + 26*j + 129. Is r(-26) a prime number?
True
Let t = -35 - -514. Is t a composite number?
False
Suppose 9*w = 30515 + 958. Is w a composite number?
True
Suppose 3*u = 3*y + 3, 0*u - 4*u + 13 = -y. Suppose -a - 4 = 0, -u*p + 4*a + 38 = -606. Is p composite?
False
Let p(q) = 19*q + 1. Let m be p(-4). Suppose -a = -3*g - 184 - 237, 3*g + 5*a = -451. Let f = m - g. Is f composite?
False
Let t(y) be the third derivative of -119*y**4/3 + y**3/6 + 32*y**2. Is t(-4) a composite number?
True
Let z = 2 + 1. Let j(s) = 2*s**2 - 2*s**2 + 10*s**3 + 3*s - z - 3*s**3. Is j(2) prime?
True
Let w = 5679 + -1217. Suppose -w = -4*a - 0*a - v, -3*a = 3*v - 3351. Is a a prime number?
False
Let k = 385 + 369. Let l = 1239 - k. Is l a prime number?
False
Suppose 5*w + 5*h = 7040, 0 = 5*w - 6*w + 3*h + 1412. Is w prime?
True
Suppose -4*w + 2*w + 4 = 0. Suppose -w*a = -3*a. Suppose a = f + 8 - 27. Is f prime?
True
Is (16729*(-3)/18)/((-3)/18) a prime number?
True
Suppose -14*i = -1304539 + 402225. Is i a prime number?
True
Let n(x) be the second derivative of x**5/20 - x**4/2 + x**3/2 + 2*x**2 - 3*x. Let v be n(7). Suppose 4*t = v + 122. Is t prime?
False
Let b = -1184 + 4257. Is b a prime number?
False
Let s(y) = y**3 + 7*y**2 + 5*y. Let a be s(-6). Let k = -143 + 723. Suppose -2*v = -a*v + k. Is v a prime number?
False
Suppose 3*f = 10 - 4. Is f/5 - (-6132)/20 a composite number?
False
Suppose -4*t = -2*t - 12. Let h be 111/t*(4 - 0). Is h*-1*(-1)/1 composite?
True
Is 10375 - 32/(-24)*-6 composite?
True
Suppose 4*y + y = 0. Suppose y = -3*j + 5*j + 4*m - 150, 5*j - 4*m = 319. Suppose 5*b = 1002 - j. Is b prime?
False
Let q(a) = a - 2. Let d be q(4). Suppose 211*i - 228*i + 51 = 0. Suppose 0 = 4*h + t - 141, i*h + 3*t = -d*h + 178. Is h composite?
True
Is (3 + 2/(-1))*3299 prime?
True
Let w = 3062 + -1095. Is w a 